{"id":61,"date":"2017-05-03T14:48:48","date_gmt":"2017-05-03T12:48:48","guid":{"rendered":"https:\/\/krasnal-halabala.pl\/?page_id=61"},"modified":"2022-11-15T14:01:56","modified_gmt":"2022-11-15T13:01:56","slug":"kadra","status":"publish","type":"page","link":"https:\/\/krasnal-halabala.pl\/index.php\/zlobek\/kadra\/","title":{"rendered":"Kadra"},"content":{"rendered":"<p>[et_pb_section fb_built=&#8221;1&#8243; fullwidth=&#8221;on&#8221; admin_label=&#8221;Sekcja&#8221; _builder_version=&#8221;3.22&#8243; global_colors_info=&#8221;{}&#8221;][et_pb_fullwidth_image src=&#8221;https:\/\/krasnal-halabala.pl\/wp-content\/uploads\/2017\/05\/Fotolia_134766208_Subscription_Monthly_M.gif&#8221; _builder_version=&#8221;3.15&#8243; animation_style=&#8221;slide&#8221; animation_direction=&#8221;left&#8221; animation_duration=&#8221;500ms&#8221; animation_intensity_slide=&#8221;10%&#8221; global_colors_info=&#8221;{}&#8221;]&nbsp;<br \/>\n[\/et_pb_fullwidth_image][\/et_pb_section][et_pb_section fb_built=&#8221;1&#8243; admin_label=&#8221;section&#8221; _builder_version=&#8221;3.22&#8243; global_colors_info=&#8221;{}&#8221;][et_pb_row column_structure=&#8221;1_2,1_2&#8243; _builder_version=&#8221;3.25&#8243; background_size=&#8221;initial&#8221; background_position=&#8221;top_left&#8221; background_repeat=&#8221;repeat&#8221; global_colors_info=&#8221;{}&#8221;][et_pb_column type=&#8221;1_2&#8243; _builder_version=&#8221;3.25&#8243; custom_padding=&#8221;|||&#8221; global_colors_info=&#8221;{}&#8221; custom_padding__hover=&#8221;|||&#8221;][et_pb_text admin_label=&#8221;Tekst&#8221; _builder_version=&#8221;3.27.4&#8243; background_size=&#8221;initial&#8221; background_position=&#8221;top_left&#8221; background_repeat=&#8221;repeat&#8221; use_border_color=&#8221;off&#8221; border_color=&#8221;#ffffff&#8221; border_style=&#8221;solid&#8221; global_colors_info=&#8221;{}&#8221;]<\/p>\n<h1>W naszym \u017c\u0142obku pracuje wykwalifikowana kadra:<\/h1>\n<p>Dyrektor \u2013 mgr Alicja Nawraca\u0142a<\/p>\n<p>Rytmika: \u0141ukasz \u015alebioda<\/p>\n<p>J\u0119zyk angielski: Hanna Ernst<\/p>\n<p><strong>KRASNOLUDKI<\/strong><\/p>\n<p>Ewa Czaplicka<\/p>\n<p>Sybilla J\u00f3\u017awiak<\/p>\n<p>Beata Kami\u0144ska\u00a0<\/p>\n<p>Karolina Frach\u00a0<\/p>\n<p><strong>KRASNALE<\/strong><\/p>\n<p><span style=\"font-size: 14px;\">Danuta Postrzelana<\/span><\/p>\n<p>Rozalia Le\u015bniewska<\/p>\n<p>Joanna Obrzut\u00a0<\/p>\n<p>Miros\u0142awa Tomczak\u00a0<\/p>\n<p>&nbsp;<\/p>\n<p>[\/et_pb_text][\/et_pb_column][et_pb_column type=&#8221;1_2&#8243; _builder_version=&#8221;3.25&#8243; custom_padding=&#8221;|||&#8221; global_colors_info=&#8221;{}&#8221; custom_padding__hover=&#8221;|||&#8221;][et_pb_text _builder_version=&#8221;4.13.1&#8243; background_size=&#8221;initial&#8221; background_position=&#8221;top_left&#8221; background_repeat=&#8221;repeat&#8221; use_border_color=&#8221;off&#8221; global_colors_info=&#8221;{}&#8221;]<\/p>\n<p><strong>MUCHOMORKI<\/strong><\/p>\n<p>Daria Bajer<\/p>\n<p>Agata Rabczewska<\/p>\n<p>Wioletta \u015alebioda<\/p>\n<p><strong>WIEWI\u00d3RKI<\/strong><\/p>\n<p>Anna Lepczy\u0144ska<\/p>\n<p>Natalia Szulc<\/p>\n<p>Urszula Jagielska<\/p>\n<p>Magdalena Chmiel<\/p>\n<p>\u017babki\u00a0<\/p>\n<p>Anna Ma\u0107kowiak<\/p>\n<p>Marzena Miko\u0142ajczak\u00a0<\/p>\n<p>[\/et_pb_text][\/et_pb_column][\/et_pb_row][\/et_pb_section]<\/p>\n","protected":false},"excerpt":{"rendered":"<p>&nbsp; W naszym \u017c\u0142obku pracuje wykwalifikowana kadra: Dyrektor \u2013 mgr Alicja Nawraca\u0142a Rytmika: \u0141ukasz \u015alebioda J\u0119zyk angielski: Hanna Ernst KRASNOLUDKI Ewa Czaplicka Sybilla J\u00f3\u017awiak Beata Kami\u0144ska\u00a0 Karolina Frach\u00a0 KRASNALE Danuta Postrzelana Rozalia Le\u015bniewska Joanna Obrzut\u00a0 Miros\u0142awa Tomczak\u00a0 &nbsp;MUCHOMORKI Daria Bajer Agata Rabczewska Wioletta \u015alebioda WIEWI\u00d3RKI Anna Lepczy\u0144ska Natalia Szulc Urszula Jagielska Magdalena Chmiel \u017babki\u00a0 Anna [&hellip;]<\/p>\n","protected":false},"author":7,"featured_media":0,"parent":53,"menu_order":0,"comment_status":"closed","ping_status":"closed","template":"","meta":{"_et_pb_use_builder":"on","_et_pb_old_content":"","_et_gb_content_width":"","footnotes":""},"class_list":["post-61","page","type-page","status-publish","hentry"],"_links":{"self":[{"href":"https:\/\/krasnal-halabala.pl\/index.php\/wp-json\/wp\/v2\/pages\/61","targetHints":{"allow":["GET"]}}],"collection":[{"href":"https:\/\/krasnal-halabala.pl\/index.php\/wp-json\/wp\/v2\/pages"}],"about":[{"href":"https:\/\/krasnal-halabala.pl\/index.php\/wp-json\/wp\/v2\/types\/page"}],"author":[{"embeddable":true,"href":"https:\/\/krasnal-halabala.pl\/index.php\/wp-json\/wp\/v2\/users\/7"}],"replies":[{"embeddable":true,"href":"https:\/\/krasnal-halabala.pl\/index.php\/wp-json\/wp\/v2\/comments?post=61"}],"version-history":[{"count":32,"href":"https:\/\/krasnal-halabala.pl\/index.php\/wp-json\/wp\/v2\/pages\/61\/revisions"}],"predecessor-version":[{"id":55430,"href":"https:\/\/krasnal-halabala.pl\/index.php\/wp-json\/wp\/v2\/pages\/61\/revisions\/55430"}],"up":[{"embeddable":true,"href":"https:\/\/krasnal-halabala.pl\/index.php\/wp-json\/wp\/v2\/pages\/53"}],"wp:attachment":[{"href":"https:\/\/krasnal-halabala.pl\/index.php\/wp-json\/wp\/v2\/media?parent=61"}],"curies":[{"name":"wp","href":"https:\/\/api.w.org\/{rel}","templated":true}]}}

<p>[et_pb_section fb_built=&#8221;1&#8243; fullwidth=&#8221;on&#8221; admin_label=&#8221;Sekcja&#8221; _builder_version=&#8221;3.22&#8243; global_colors_info=&#8221;{}&#8221;][et_pb_fullwidth_image src=&#8221;https://krasnal-halabala.pl/wp-content/uploads/2017/05/Fotolia_134766208_Subscription_Monthly_M.gif&#8221; _builder_version=&#8221;3.15&#8243; animation_style=&#8221;slide&#8221; animation_direction=&#8221;left&#8221; animation_duration=&#8221;500ms&#8221; animation_intensity_slide=&#8221;10%&#8221; global_colors_info=&#8221;{}&#8221;]&nbsp;<br />
[/et_pb_fullwidth_image][/et_pb_section][et_pb_section fb_built=&#8221;1&#8243; admin_label=&#8221;section&#8221; _builder_version=&#8221;3.22&#8243; global_colors_info=&#8221;{}&#8221;][et_pb_row column_structure=&#8221;1_2,1_2&#8243; _builder_version=&#8221;3.25&#8243; background_size=&#8221;initial&#8221; background_position=&#8221;top_left&#8221; background_repeat=&#8221;repeat&#8221; global_colors_info=&#8221;{}&#8221;][et_pb_column type=&#8221;1_2&#8243; _builder_version=&#8221;3.25&#8243; custom_padding=&#8221;|||&#8221; global_colors_info=&#8221;{}&#8221; custom_padding__hover=&#8221;|||&#8221;][et_pb_text admin_label=&#8221;Tekst&#8221; _builder_version=&#8221;3.27.4&#8243; background_size=&#8221;initial&#8221; background_position=&#8221;top_left&#8221; background_repeat=&#8221;repeat&#8221; use_border_color=&#8221;off&#8221; border_color=&#8221;#ffffff&#8221; border_style=&#8221;solid&#8221; global_colors_info=&#8221;{}&#8221;]</p>
<h1>W naszym żłobku pracuje wykwalifikowana kadra:</h1>
<p>Dyrektor – mgr Alicja Nawracała</p>
<p>Rytmika: Łukasz Ślebioda</p>
<p>Język angielski: Hanna Ernst</p>
<p><strong>KRASNOLUDKI</strong></p>
<p>Ewa Czaplicka</p>
<p>Sybilla Jóźwiak</p>
<p>Beata Kamińska </p>
<p>Karolina Frach </p>
<p><strong>KRASNALE</strong></p>
<p><span style="font-size: 14px;">Danuta Postrzelana</span></p>
<p>Rozalia Leśniewska</p>
<p>Joanna Obrzut </p>
<p>Mirosława Tomczak </p>
<p>&nbsp;</p>
<p>[/et_pb_text][/et_pb_column][et_pb_column type=&#8221;1_2&#8243; _builder_version=&#8221;3.25&#8243; custom_padding=&#8221;|||&#8221; global_colors_info=&#8221;{}&#8221; custom_padding__hover=&#8221;|||&#8221;][et_pb_text _builder_version=&#8221;4.13.1&#8243; background_size=&#8221;initial&#8221; background_position=&#8221;top_left&#8221; background_repeat=&#8221;repeat&#8221; use_border_color=&#8221;off&#8221; global_colors_info=&#8221;{}&#8221;]</p>
<p><strong>MUCHOMORKI</strong></p>
<p>Daria Bajer</p>
<p>Agata Rabczewska</p>
<p>Wioletta Ślebioda</p>
<p><strong>WIEWIÓRKI</strong></p>
<p>Anna Lepczyńska</p>
<p>Natalia Szulc</p>
<p>Urszula Jagielska</p>
<p>Magdalena Chmiel</p>
<p>Żabki </p>
<p>Anna Maćkowiak</p>
<p>Marzena Mikołajczak </p>
<p>[/et_pb_text][/et_pb_column][/et_pb_row][/et_pb_section]</p>

<p>&nbsp; W naszym żłobku pracuje wykwalifikowana kadra: Dyrektor – mgr Alicja Nawracała Rytmika: Łukasz Ślebioda Język angielski: Hanna Ernst KRASNOLUDKI Ewa Czaplicka Sybilla Jóźwiak Beata Kamińska  Karolina Frach  KRASNALE Danuta Postrzelana Rozalia Leśniewska Joanna Obrzut  Mirosława Tomczak  &nbsp;MUCHOMORKI Daria Bajer Agata Rabczewska Wioletta Ślebioda WIEWIÓRKI Anna Lepczyńska Natalia Szulc Urszula Jagielska Magdalena Chmiel Żabki  Anna [&hellip;]</p>
