{"id":1380,"date":"2017-07-10T20:55:42","date_gmt":"2017-07-10T18:55:42","guid":{"rendered":"https:\/\/krasnal-halabala.pl\/?page_id=1380"},"modified":"2021-12-20T14:03:20","modified_gmt":"2021-12-20T13:03:20","slug":"zlobek-oferta","status":"publish","type":"page","link":"https:\/\/krasnal-halabala.pl\/index.php\/zlobek-oferta\/","title":{"rendered":"Oferta"},"content":{"rendered":"<p><a href=\"https:\/\/krasnal-halabala.pl\/wp-content\/uploads\/2021\/12\/wyciag-z-RKO-1.pdf\">wyci\u0105g z RKO<\/a><\/p>\n<p>UWAGA RODZICE<\/p>\n<p>\u015aroda XXI sp. z o.o. podpisa\u0142a umow\u0119 o dofinansowanie z programu MALUCH+ 2021. Po otrzymaniu \u015brodk\u00f3w, przygotujemy dla Pa\u0144stwa umowy. Po podpisaniu um\u00f3w Rodzice otrzymaj\u0105 zwrot kwoty dotacji za \u017c\u0142obek na konto i umniejszona zostanie miesi\u0119czna po\u0142ata za pobyt dziecka w \u017c\u0142obku.<\/p>\n","protected":false},"excerpt":{"rendered":"<p>wyci\u0105g z RKO UWAGA RODZICE \u015aroda XXI sp. z o.o. podpisa\u0142a umow\u0119 o dofinansowanie z programu MALUCH+ 2021. Po otrzymaniu \u015brodk\u00f3w, przygotujemy dla Pa\u0144stwa umowy. Po podpisaniu um\u00f3w Rodzice otrzymaj\u0105 zwrot kwoty dotacji za \u017c\u0142obek na konto i umniejszona zostanie miesi\u0119czna po\u0142ata za pobyt dziecka w \u017c\u0142obku.<\/p>\n","protected":false},"author":3,"featured_media":0,"parent":0,"menu_order":0,"comment_status":"closed","ping_status":"closed","template":"","meta":{"_et_pb_use_builder":"off","_et_pb_old_content":"","_et_gb_content_width":"","footnotes":""},"class_list":["post-1380","page","type-page","status-publish","hentry"],"_links":{"self":[{"href":"https:\/\/krasnal-halabala.pl\/index.php\/wp-json\/wp\/v2\/pages\/1380","targetHints":{"allow":["GET"]}}],"collection":[{"href":"https:\/\/krasnal-halabala.pl\/index.php\/wp-json\/wp\/v2\/pages"}],"about":[{"href":"https:\/\/krasnal-halabala.pl\/index.php\/wp-json\/wp\/v2\/types\/page"}],"author":[{"embeddable":true,"href":"https:\/\/krasnal-halabala.pl\/index.php\/wp-json\/wp\/v2\/users\/3"}],"replies":[{"embeddable":true,"href":"https:\/\/krasnal-halabala.pl\/index.php\/wp-json\/wp\/v2\/comments?post=1380"}],"version-history":[{"count":32,"href":"https:\/\/krasnal-halabala.pl\/index.php\/wp-json\/wp\/v2\/pages\/1380\/revisions"}],"predecessor-version":[{"id":50318,"href":"https:\/\/krasnal-halabala.pl\/index.php\/wp-json\/wp\/v2\/pages\/1380\/revisions\/50318"}],"wp:attachment":[{"href":"https:\/\/krasnal-halabala.pl\/index.php\/wp-json\/wp\/v2\/media?parent=1380"}],"curies":[{"name":"wp","href":"https:\/\/api.w.org\/{rel}","templated":true}]}}